{"id":3,"date":"2025-05-03T14:35:10","date_gmt":"2025-05-03T14:35:10","guid":{"rendered":"https:\/\/spooky4you.si\/?page_id=3"},"modified":"2025-05-04T13:10:53","modified_gmt":"2025-05-04T13:10:53","slug":"privacy-policy","status":"publish","type":"page","link":"https:\/\/spooky4you.si\/?page_id=3","title":{"rendered":"Pravilnik o zasebnosti"},"content":{"rendered":"<h2>Kdo smo<\/h2>\n<p><b>Predlagano besedilo: <\/b>Naslov na\u0161e spletne strani je: https:\/\/spooky4you.si.<\/p>\n<h2>Komentarji<\/h2>\n<p><b>Predlagano besedilo: <\/b>Ko obiskovalci pustijo komentarje na spletni strani, zberemo podatke, ki so navedeni v obrazcu za komentarje, ter IP naslov obiskovalca in niz brskalnika, da la\u017eje prepoznamo spam.<\/p>\n<p>Anonimiziran niz, ustvarjen iz va\u0161ega e-po\u0161tnega naslova (imenovan tudi hash), se lahko posreduje storitvi Gravatar, da preveri, ali jo uporabljate. Politika zasebnosti storitve Gravatar je na voljo tukaj: https:\/\/automattic.com\/privacy\/. Po odobritvi va\u0161ega komentarja je va\u0161a profilna slika vidna javnosti v kontekstu va\u0161ega komentarja.<\/p>\n<h2>Mediji<\/h2>\n<p><b>Predlagano besedilo: <\/b>\u010ce na spletno stran nalo\u017eite slike, se izogibajte nalaganju slik z vgrajenimi podatki o lokaciji (EXIF GPS). Obiskovalci spletne strani lahko prenesejo in izlu\u0161\u010dijo vse podatke o lokaciji iz slik na spletni strani.<\/p>\n<h2>Pi\u0161kot<br \/><\/h2>\n<p><b>Predlagano besedilo: <\/b>\u010ce na na\u0161i spletni strani pustite komentar, se lahko odlo\u010dite, da se va\u0161e ime, e-po\u0161tni naslov in spletna stran shranijo v pi\u0161kotke. To je za va\u0161e udobje, da vam ni treba ponovno vna\u0161ati svojih podatkov, ko pustite drug komentar. Ti pi\u0161kotki trajajo eno leto.<\/p>\n<p>\u010ce obi\u0161\u010dete na\u0161o stran za prijavo, bomo nastavili za\u010dasni pi\u0161kotek, da ugotovimo, ali va\u0161 brskalnik sprejema pi\u0161kotke. Ta pi\u0161kotek ne vsebuje osebnih podatkov in se izbri\u0161e, ko zaprete brskalnik.<\/p>\n<p>Ko se prijavite, bomo nastavili tudi ve\u010d pi\u0161kotkov, da shranimo va\u0161e podatke za prijavo in va\u0161e izbire prikaza zaslona. Pi\u0161kotki za prijavo trajajo dva dni, pi\u0161kotki za izbire zaslona pa eno leto. \u010ce izberete \u00bbZapomni si me\u00ab, bo va\u0161a prijava ostala aktivna dve tedni. \u010ce se odjavite iz svojega ra\u010duna, bodo pi\u0161kotki za prijavo odstranjeni.<\/p>\n<p>\u010ce uredite ali objavite \u010dlanek, se v va\u0161em brskalniku shrani dodatni pi\u0161kotek. Ta pi\u0161kotek ne vsebuje osebnih podatkov in ozna\u010duje le ID \u010dlanka, ki ste ga pravkar uredili. Potreben je le za en dan.<\/p>\n<h2>Vsebina, vklju\u010dena iz drugih spletnih strani<br \/><\/h2>\n<p><b>Predlagano besedilo: <\/b>\u010clanki na tej spletni strani lahko vklju\u010dujejo vsebine drugih spletnih strani (npr. videoposnetke, slike, \u010dlanki itd.). Vsebine drugih spletnih strani se obna\u0161ajo enako, kot \u010de bi obiskovalec obiskal drugo spletno stran.<\/p>\n<p>Te spletne strani lahko zbirajo podatke o vas, uporabljajo pi\u0161kotke, vklju\u010dujejo dodatno sledenje tretjih oseb in spremljajo va\u0161o interakcijo z vsebino drugih spletnih strani, vklju\u010dno s sledenjem va\u0161e interakcije z vsebino drugih spletnih strani, \u010de imate ra\u010dun in ste prijavljeni na to spletno stran.<\/p>\n<h2>S kom delimo va\u0161e podatke<\/h2>\n<p><b>Predlagano besedilo: <\/b>\u010ce zahtevate ponastavitev gesla, bo va\u0161 IP-naslov vklju\u010den v e-po\u0161tno sporo\u010dilo za ponastavitev.<\/p>\n<h2>Kako dolgo hranimo va\u0161e podatke<\/h2>\n<p><b>Predlagano besedilo: <\/b>\u010ce pustite komentar, se komentar in njegovi metapodatki hranijo za nedolo\u010den \u010das. To omogo\u010da, da lahko samodejno prepoznamo in odobrimo vse nadaljnje komentarje, namesto da jih zadr\u017eimo v \u010dakalni vrsti za moderiranje.<\/p>\n<p>Za uporabnike, ki se registrirajo na na\u0161i spletni strani (\u010de obstajajo), shranjujemo tudi osebne podatke, ki jih navedejo v svojem uporabni\u0161kem profilu. Vsi uporabniki lahko kadar koli pregledajo, uredijo ali izbri\u0161ejo svoje osebne podatke (razen uporabni\u0161kega imena, ki ga ne morejo spremeniti). Te podatke lahko pregledujejo in urejajo tudi skrbniki spletne strani.<\/p>\n<h2>Kak\u0161ne pravice imate nad svojimi podatki<br \/><\/h2>\n<p><b>Predlagano besedilo: <\/b>\u010ce imate ra\u010dun na tej spletni strani ali ste pustili komentarje, lahko zahtevate, da vam po\u0161ljemo izvozni datoteko z osebnimi podatki, ki jih hranimo o vas, vklju\u010dno z vsemi podatki, ki ste nam jih posredovali. Lahko tudi zahtevate, da izbri\u0161emo vse osebne podatke, ki jih hranimo o vas. To ne vklju\u010duje podatkov, ki jih moramo hraniti zaradi administrativnih, pravnih ali varnostnih razlogov.<\/p>\n<h2>Kam se po\u0161iljajo va\u0161i podatki<br \/><\/h2>\n<p><b>Predlagano besedilo: <\/b>Komentarji obiskovalcev se lahko preverijo prek avtomatizirane storitve za zaznavanje ne\u017eelene po\u0161te.<\/p>\n<p>Pravilnik o zasebnostiLorem ipsum dolor sit amet, consectetur adipiscing elit. Ut elit tellus, luctus nec ullamcorper mattis, pulvinar dapibus leo.<\/p>\n","protected":false},"excerpt":{"rendered":"<p>Kdo smo Predlagano besedilo: Naslov na\u0161e spletne strani je: https:\/\/spooky4you.si. Komentarji Predlagano besedilo: Ko obiskovalci pustijo komentarje na spletni strani, [&hellip;]<\/p>\n","protected":false},"author":1,"featured_media":0,"parent":0,"menu_order":0,"comment_status":"closed","ping_status":"open","template":"","meta":{"site-sidebar-layout":"default","site-content-layout":"","ast-site-content-layout":"default","site-content-style":"default","site-sidebar-style":"default","ast-global-header-display":"","ast-banner-title-visibility":"","ast-main-header-display":"","ast-hfb-above-header-display":"","ast-hfb-below-header-display":"","ast-hfb-mobile-header-display":"","site-post-title":"","ast-breadcrumbs-content":"","ast-featured-img":"","footer-sml-layout":"","ast-disable-related-posts":"","theme-transparent-header-meta":"","adv-header-id-meta":"","stick-header-meta":"","header-above-stick-meta":"","header-main-stick-meta":"","header-below-stick-meta":"","astra-migrate-meta-layouts":"default","ast-page-background-enabled":"default","ast-page-background-meta":{"desktop":{"background-color":"var(--ast-global-color-5)","background-image":"","background-repeat":"repeat","background-position":"center center","background-size":"auto","background-attachment":"scroll","background-type":"","background-media":"","overlay-type":"","overlay-color":"","overlay-opacity":"","overlay-gradient":""},"tablet":{"background-color":"","background-image":"","background-repeat":"repeat","background-position":"center center","background-size":"auto","background-attachment":"scroll","background-type":"","background-media":"","overlay-type":"","overlay-color":"","overlay-opacity":"","overlay-gradient":""},"mobile":{"background-color":"","background-image":"","background-repeat":"repeat","background-position":"center center","background-size":"auto","background-attachment":"scroll","background-type":"","background-media":"","overlay-type":"","overlay-color":"","overlay-opacity":"","overlay-gradient":""}},"ast-content-background-meta":{"desktop":{"background-color":"var(--ast-global-color-4)","background-image":"","background-repeat":"repeat","background-position":"center center","background-size":"auto","background-attachment":"scroll","background-type":"","background-media":"","overlay-type":"","overlay-color":"","overlay-opacity":"","overlay-gradient":""},"tablet":{"background-color":"var(--ast-global-color-4)","background-image":"","background-repeat":"repeat","background-position":"center center","background-size":"auto","background-attachment":"scroll","background-type":"","background-media":"","overlay-type":"","overlay-color":"","overlay-opacity":"","overlay-gradient":""},"mobile":{"background-color":"var(--ast-global-color-4)","background-image":"","background-repeat":"repeat","background-position":"center center","background-size":"auto","background-attachment":"scroll","background-type":"","background-media":"","overlay-type":"","overlay-color":"","overlay-opacity":"","overlay-gradient":""}},"footnotes":""},"class_list":["post-3","page","type-page","status-publish","hentry"],"_links":{"self":[{"href":"https:\/\/spooky4you.si\/index.php?rest_route=\/wp\/v2\/pages\/3","targetHints":{"allow":["GET"]}}],"collection":[{"href":"https:\/\/spooky4you.si\/index.php?rest_route=\/wp\/v2\/pages"}],"about":[{"href":"https:\/\/spooky4you.si\/index.php?rest_route=\/wp\/v2\/types\/page"}],"author":[{"embeddable":true,"href":"https:\/\/spooky4you.si\/index.php?rest_route=\/wp\/v2\/users\/1"}],"replies":[{"embeddable":true,"href":"https:\/\/spooky4you.si\/index.php?rest_route=%2Fwp%2Fv2%2Fcomments&post=3"}],"version-history":[{"count":3,"href":"https:\/\/spooky4you.si\/index.php?rest_route=\/wp\/v2\/pages\/3\/revisions"}],"predecessor-version":[{"id":19,"href":"https:\/\/spooky4you.si\/index.php?rest_route=\/wp\/v2\/pages\/3\/revisions\/19"}],"wp:attachment":[{"href":"https:\/\/spooky4you.si\/index.php?rest_route=%2Fwp%2Fv2%2Fmedia&parent=3"}],"curies":[{"name":"wp","href":"https:\/\/api.w.org\/{rel}","templated":true}]}}